e the greatest common divisor of 176715517 and 11.
11
What is the greatest common divisor of 15498050 and 400?
50
Calculate the highest common factor of 1086 and 573589.
181
Calculate the highest common factor of 5487 and 4490313.
177
Calculate the greatest common divisor of 14805344 and 64.
32
What is the highest common divisor of 310981475 and 46375?
9275
Calculate the highest common factor of 141576 and 34136.
136
Calculate the greatest common divisor of 33931555 and 14945.
2135
What is the greatest common factor of 125 and 66931400?
25
What is the highest common divisor of 104214 and 1177?
11
Calculate the highest common divisor of 849325 and 11225.
25
What is the greatest common divisor of 336528 and 1475426?
1558
Calculate the highest common factor of 105 and 71213709.
21
What is the highest common divisor of 9925721 and 1079?
1079
What is the greatest common divisor of 262 and 9047515?
131
What is the greatest common factor of 174 and 15159460?
58
Calculate the highest common divisor of 3313693 and 4.
1
Calculate the greatest common factor of 15402354 and 4687.
109
Calculate the highest common factor of 7830 and 1142426.
58
What is the greatest common factor of 23644 and 1156072?
92
What is the highest common divisor of 1609892 and 93?
31
What is the greatest common divisor of 456108 and 69333?
573
What is the highest common factor of 1181464518 and 26?
26
Calculate the highest common divisor of 3046 and 105199702.
3046
Calculate the highest common factor of 9476545 and 13.
13
Calculate the greatest common divisor of 54136284 and 2298.
2298
Calculate the highest common factor of 708 and 570530.
118
What is the greatest common factor of 661012396 and 6028?
6028
Calculate the highest common divisor of 44569164 and 444.
444
What is the highest common factor of 53920800 and 4275?
225
Calculate the highest common factor of 31697 and 18589.
29
What is the greatest common divisor of 43124471 and 10488?
437
Calculate the highest common factor of 295296980 and 550.
110
What is the greatest common divisor of 32188845 and 897?
897
Calculate the highest common factor of 19686886 and 2.
2
What is the greatest common divisor of 3309980 and 57164?
1844
Calculate the greatest common factor of 315 and 36484245.
315
What is the greatest common factor of 108 and 100567386?
54
Calculate the highest common divisor of 42388320 and 69680.
1040
What is the highest common divisor of 474063 and 16356?
87
Calculate the highest common factor of 593 and 120196949.
593
Calculate the highest common divisor of 2161180 and 1673560.
6020
Calculate the highest common factor of 198 and 5039316.
18
Calculate the greatest common divisor of 8234313 and 186.
93
What is the greatest common factor of 2526 and 12628?
2
What is the greatest common factor of 31436 and 8705062?
542
Calculate the highest common factor of 303027674 and 1414.
202
Calculate the greatest common factor of 2348215 and 9485.
1355
Calculate the greatest common divisor of 49406 and 16865091.
3529
What is the greatest common factor of 213 and 19806?
3
What is the greatest common factor of 1037 and 7044280?
61
Calculate the highest common factor of 603198 and 54.
18
Calculate the highest common factor of 12173166 and 39.
3
What is the highest common divisor of 4791825 and 702?
27
What is the highest common factor of 2066832 and 138900?
5556
Calculate the highest common factor of 194704 and 3190084.
172
Calculate the greatest common factor of 13527036 and 391.
391
What is the highest common divisor of 1189 and 4821395?
1189
What is the highest common divisor of 21590090 and 8205?
2735
What is the highest common factor of 10514750 and 275?
25
What is the highest common divisor of 40716 and 19122426?
1566
Calculate the highest common factor of 399761826 and 2076.
1038
Calculate the highest common divisor of 29 and 143492.
29
What is the highest common divisor of 1236618 and 20394?
1854
Calculate the highest common divisor of 5596875 and 1095.
15
Calculate the greatest common factor of 778750 and 11613.
7
Calculate the highest common factor of 19023335 and 2169.
241
Calculate the highest common divisor of 169952 and 3760.
752
What is the highest common factor of 612973 and 7337?
667
What is the highest common factor of 373870 and 7819714?
686
Calculate the highest common divisor of 31018190 and 1190.
70
Calculate the greatest common factor of 225 and 353503350.
225
Calculate the highest common factor of 52258473 and 676701.
9531
What is the greatest common divisor of 7050888 and 38664?
216
What is the highest common factor of 27772 and 484808861?
6943
What is the highest common divisor of 37105790 and 232?
58
What is the highest common factor of 23213968 and 48?
16
What is the greatest common factor of 29897119 and 21?
7
Calculate the greatest common divisor of 5304 and 276046.
34
Calculate the highest common factor of 21478450 and 264047.
3941
What is the greatest common divisor of 131269 and 7897?
149
What is the greatest common divisor of 12121 and 4491187?
713
Calculate the highest common divisor of 3239978 and 902093.
4723
What is the highest common factor of 150822 and 31654?
1862
What is the greatest common divisor of 760 and 321080?
40
Calculate the highest common divisor of 13905288 and 48.
24
Calculate the greatest common factor of 58803 and 136374.
51
Calculate the greatest common factor of 106444 and 2184238.
178
Calculate the highest common divisor of 15 and 46262808.
3
What is the highest common factor of 122 and 427712297?
61
What is the greatest common divisor of 172615 and 3565?
115
What is the highest common factor of 12055002 and 36?
6
Calculate the highest common divisor of 220089280 and 8320.
320
What is the greatest common divisor of 871824 and 177643?
443
Calculate the greatest common divisor of 484 and 213444121.
121
Calculate the greatest common factor of 5058837 and 147.
21
Calculate the greatest common factor of 89320 and 2088.
232
Calculate the greatest common factor of 76839 and 51639.
21
Calculate the highest common factor of 839499 and 2563.
233
What is the greatest common divisor of 667822869 and 63?
63
Calculate the highest common factor of 16909 and 22829.
37
What is the greatest common divisor of 40906 and 165658?
226
What is the greatest common divisor of 2021341 and 497?
7
Calculate the greatest common divisor of 175682084 and 31.
31
Calculate the highest common divisor of 6034 and 6629642.
862
Calculate the highest common factor of 81091 and 63163.
83
What is the greatest common divisor of 39609020 and 4664?
2332
Calculate the greatest common factor of 50884782 and 96.
6
Calculate the highest common divisor of 4019664 and 26082.
138
Calculate the greatest common factor of 520660 and 394730.
70
What is the greatest common factor of 145842 and 1407081?
327
Calculate the greatest common factor of 53 and 4979562.
53
Calculate the highest common divisor of 2530 and 34672.
22
What is the highest common divisor of 40322266 and 102?
34
Calculate the greatest common factor of 2710611 and 9423.
27
Calculate the greatest common divisor of 2842 and 10833116.
98
What is the highest common factor of 169266666 and 42?
6
What is the highest common factor of 5366931 and 5397?
771
Calculate the greatest common factor of 589 and 4074873.
19
Calculate the highest common factor of 542982 and 1202874.
2598
What is the highest common factor of 142925 and 205?
5
Calculate the highest common factor of 34153 and 2499.
833
What is the highest common divisor of 64680 and 240394?
1078
What is the highest common factor of 15 and 539285?
5
Calculate the highest common factor of 27 and 119095947.
27
Calculate the highest common divisor of 77224 and 44492.
196
What is the greatest common divisor of 13356 and 890771?
371
Calculate the greatest common divisor of 14522159 and 1467.
163
What is the highest common factor of 14109 and 16257?
3
Calculate the greatest common factor of 892725 and 125.
25
Calculate the highest common divisor of 23341 and 4416941.
1373
Calculate the highest common divisor of 1160580943 and 161.
23
What is the highest common factor of 4473028 and 49220?
428
Calculate the greatest common divisor of 309903951 and 21.
21
Calculate the highest common factor of 415183917 and 369.
123
Cal